ainder when 4350442 is divided by 1450144.
10
Calculate the remainder when 407229 is divided by 12719.
221
What is the remainder when 1116500 is divided by 236?
220
What is the remainder when 43109 is divided by 4569?
1988
Calculate the remainder when 22125 is divided by 71.
44
Calculate the remainder when 1477044 is divided by 61543.
12
What is the remainder when 504656 is divided by 4302?
1322
What is the remainder when 7967769 is divided by 26?
17
What is the remainder when 2141014 is divided by 133812?
22
What is the remainder when 665186 is divided by 920?
26
What is the remainder when 976664 is divided by 607?
1
What is the remainder when 105901100 is divided by 1776?
1772
What is the remainder when 29059 is divided by 6631?
2535
What is the remainder when 3881233 is divided by 1293713?
94
What is the remainder when 2456516 is divided by 1420?
1336
What is the remainder when 4746385 is divided by 553?
539
What is the remainder when 1906834 is divided by 386?
380
Calculate the remainder when 3424229 is divided by 256.
229
What is the remainder when 41143 is divided by 27?
22
What is the remainder when 215587 is divided by 3504?
1843
What is the remainder when 123253019 is divided by 1210?
1209
What is the remainder when 1414096 is divided by 319?
288
Calculate the remainder when 1414149 is divided by 166.
161
Calculate the remainder when 88577 is divided by 1198.
1123
What is the remainder when 635180 is divided by 389?
332
What is the remainder when 10487087 is divided by 2097372?
227
What is the remainder when 121921 is divided by 2212?
261
What is the remainder when 8381057 is divided by 1429?
1401
What is the remainder when 1490469001 is divided by 3249?
3247
Calculate the remainder when 29708 is divided by 9382.
1562
What is the remainder when 15741 is divided by 10?
1
Calculate the remainder when 51852 is divided by 1837.
416
What is the remainder when 9089137 is divided by 92?
89
What is the remainder when 493066 is divided by 392?
322
What is the remainder when 134046 is divided by 811?
231
What is the remainder when 210157 is divided by 2225?
1007
Calculate the remainder when 614048 is divided by 903.
8
Calculate the remainder when 55424 is divided by 208.
96
What is the remainder when 115780 is divided by 2617?
632
Calculate the remainder when 262694 is divided by 1270.
1074
Calculate the remainder when 160851 is divided by 150.
51
Calculate the remainder when 174733 is divided by 2076.
349
Calculate the remainder when 17461707 is divided by 270.
267
What is the remainder when 246656 is divided by 1148?
984
What is the remainder when 28826317 is divided by 83?
2
What is the remainder when 618890009 is divided by 5777?
5776
Calculate the remainder when 75586 is divided by 1137.
544
Calculate the remainder when 4887144 is divided by 45674.
26
Calculate the remainder when 25708903 is divided by 1977.
1972
Calculate the remainder when 43793 is divided by 7199.
599
What is the remainder when 6327400 is divided by 54?
4
Calculate the remainder when 780510 is divided by 131.
12
What is the remainder when 54422466 is divided by 68?
26
What is the remainder when 60116319 is divided by 176?
175
What is the remainder when 573401 is divided by 1004?
117
What is the remainder when 133938 is divided by 3109?
251
What is the remainder when 2203981 is divided by 1348?
1
Calculate the remainder when 1718634 is divided by 859274.
86
What is the remainder when 462902 is divided by 150?
2
Calculate the remainder when 1044980 is divided by 116.
52
What is the remainder when 836842 is divided by 193?
187
Calculate the remainder when 331914 is divided by 1383.
1377
What is the remainder when 2239853 is divided by 26?
5
Calculate the remainder when 7392236 is divided by 3998.
3932
Calculate the remainder when 46653131 is divided by 15551034.
29
What is the remainder when 16933900 is divided by 246?
244
What is the remainder when 112192 is divided by 21968?
2352
What is the remainder when 1567178 is divided by 195892?
42
Calculate the remainder when 1989674 is divided by 994750.
174
What is the remainder when 12034383 is divided by 79?
76
Calculate the remainder when 2425021 is divided by 1212405.
211
What is the remainder when 4350231 is divided by 117573?
30
What is the remainder when 28654370 is divided by 8049?
7979
What is the remainder when 5140035 is divided by 29?
17
What is the remainder when 1333398 is divided by 1130?
1128
Calculate the remainder when 602175 is divided by 150450.
375
What is the remainder when 510145635 is divided by 559?
558
What is the remainder when 1359027 is divided by 16987?
67
Calculate the remainder when 1526144 is divided by 893.
7
What is the remainder when 282576 is divided by 556?
128
What is the remainder when 14577910 is divided by 448?
438
Calculate the remainder when 732073 is divided by 365941.
191
What is the remainder when 1758128 is divided by 4817?
4740
Calculate the remainder when 2131471 is divided by 426043.
1256
What is the remainder when 10978048 is divided by 343064?
0
What is the remainder when 13024 is divided by 1587?
328
What is the remainder when 4570046 is divided by 16?
14
Calculate the remainder when 4806372 is divided by 49.
11
Calculate the remainder when 730983 is divided by 861.
855
Calculate the remainder when 285325045 is divided by 142662522.
1
Calculate the remainder when 559596 is divided by 79851.
639
What is the remainder when 78977 is divided by 76866?
2111
Calculate the remainder when 20303594 is divided by 7.
3
Calculate the remainder when 90286 is divided by 11254.
254
Calculate the remainder when 15335 is divided by 3224.
2439
What is the remainder when 1239041 is divided by 1239?
41
What is the remainder when 631272 is divided by 16?
8
What is the remainder when 791180081 is divided by 966?
965
Calculate the remainder when 2473052 is divided by 309114.
140
What is the remainder when 14572322 is divided by 141?
113
What is the remainder when 8538396 is divided by 1478?
1468
What is the remainder when 8539964 is divided by 1235?
1174
Calculate the remainder when 15727074 is divided by 64455.
54
What is the remainder when 5584702 is divided by 797813?
11
Calculate the remainder when 1577056 is divided by 3.
1
What is the remainder when 304064 is divided by 2394?
26
What is the remainder when 70981655 is divided by 25?
5
Calculate the remainder when 800075 is divided by 2768.
123
What is the remainder when 30701 is divided by 263?
193
Calculate the remainder when 16775704 is divided by 408.
376
What is the remainder when 2453021 is divided by 2453005?
16
Calculate the remainder when 277997 is divided by 55498.
507
Calculate the remainder when 15495236 is divided by 65106.
8
Calculate the remainder when 33507676 is divided by 2720.
2716
Calculate the remainder when 1654802 is divided by 137.
116
Calculate the remainder when 2254453 is divided by 88.
69
What is the remainder when 6908801 is divided by 6908795?
6
Calculate the remainder when 1020316 is divided by 340091.
43
What is the remainder when 3652582 is divided by 201?
10
Calculate the remainder when 9270332 is divided by 1817.
1815
What is the remainder when 145762 is divided by 139779?
5983
What is the remainder when 2641020 is divided by 880227?
339
Calculate the remainder when 207445 is divided by 562.
67
What is the remainder when 39391129 is divided by 492389?
9
What is the remainder when 106228 is divided by 2188?
1204
Calculate the remainder when 258552 is divided by 32314.
40
Calculate the remainder when 503810 is divided by 41837.
1766
What is the remainder when 7048 is divided by 214?
200
What is the remainder when 955733 is divided by 321?
116
Calculate the remainder when 26196791 is divided by 3428.
15
What is the remainder when 337798 is divided by 67512?
238
Calculate the remainder when 70233 is divided by 34971.
291
What is the remainder when 1645904 is divided by 146?
46
Calculate the remainder when 11199986 is divided by 211318.
132
Calculate the remainder when 9873806 is divided by 15.
11
Calculate the remainder when 32189790 is divided by 10729921.
27
What is the remainder when 100960308 is divided by 11622?
11616
Calculate the remainder when 170635 is divided by 56836.
127
Calculate the remainder w